t is the hundreds digit of a(-9)?
1
Let r be ((-1)/3)/(13/(-117)). Suppose -28 = -4*g - 4*w, -2*w - 14 = -4*g + 2*g. Suppose 0 = 3*v + 3*c - 66, r*v - 5*c + 93 = g*v. What is the tens digit of v?
1
Suppose 4*l - 315 = 9*l. What is the units digit of (-2)/(-7) - 1305/l?
1
Let f = 5 - 3. Suppose 84 = -2*h - r, -r - 2*r = f*h + 88. Let o = -26 - h. What is the units digit of o?
5
Let r(m) = 5*m**2 + 21*m + 134. What is the tens digit of r(-18)?
7
Let f(i) = -12*i - 46. Let h be f(-19). Let c = -90 + h. What is the units digit of c?
2
Suppose j - 3*j = -272. Suppose 7*w = 11*w - j. What is the tens digit of w?
3
Suppose -38098 = -28*m + 43606. What is the hundreds digit of m?
9
Let i = 2932 + -1476. What is the units digit of 2/7 - i/(-49)?
0
Let r be (2/(-6))/((-2)/102). Let l = r + -13. Suppose 0 = w - 4 - l. What is the units digit of w?
8
Suppose -2192 = -6*a + 3928. What is the thousands digit of a?
1
Let w(v) = v**3 + 15*v**2 + 17*v - 4. What is the hundreds digit of w(-10)?
3
Let q(x) be the third derivative of -x**6/12 + x**4/2 + 7*x**3/6 - 3*x**2. Let j be q(-5). What is the units digit of (-5)/(-40) + j/24?
0
Let b(y) = y**3 + 5*y**2 + 6*y + 5. Let x be b(-3). Let j = 5 - 2. What is the units digit of j - x/2*-8?
3
Suppose 5*t = -4*w + 18109, -69*t = -71*t - 4*w + 7234. What is the hundreds digit of t?
6
Let o be ((-54)/45)/(6/(-140)). Suppose 3*h - 2*k - o = 3*k, h + 2 = -4*k. Suppose -h*l + 136 = -2*l. What is the tens digit of l?
3
Let b(a) = 2*a + 76. What is the units digit of b(-25)?
6
Let d(g) = -g**3 + 6*g**2 + 5*g - 3. Let y be d(4). Let m = y + -21. What is the units digit of (-80)/(-14) - (-8)/m?
6
Let o = -357 + 729. Suppose n - 3*t = 4*n - o, -3*n + 3*t = -378. Suppose 0*l + 5*l = n. What is the tens digit of l?
2
Suppose -t = -6 + 2. Suppose -t*p = -299 + 39. What is the units digit of p?
5
Suppose -j + 767 - 235 = 0. What is the hundreds digit of j?
5
Suppose 0 = 4*r - 659 - 5369. Suppose -5*o - 6*o = -r. What is the hundreds digit of o?
1
Suppose -330 + 2318 = -7*v. What is the units digit of (-1)/(v/94 - (13 - 16))?
7
Let v be -3*(-2 - (-21)/9). Let z be 3 + (2 - 1)*v. Suppose z*i = 17 + 5. What is the units digit of i?
1
Suppose 3*r - 2*f = -0*r - 48, -3*r - 27 = 5*f. Let w = 11 + -22. Let m = w - r. What is the units digit of m?
3
Let r(v) = -2*v - 24. Let k be r(3). Suppose -5*n - 3*h = -0*n - 156, -4*h = -3*n + 111. Let q = k + n. What is the units digit of q?
3
Let m be (50/(-8))/((-44)/(-16) - 3). Suppose i - 1112 = -5*j, -4*j + 857 + m = -3*i. What is the units digit of j?
2
Suppose -5*n + 2 = -4*n. Suppose n*t = -0 + 10. Let l = t - -7. What is the tens digit of l?
1
Let z(m) = 81*m + 14 - 39 + 22. What is the tens digit of z(1)?
7
Let s = 67 - -352. Suppose -6*b - s = -1313. What is the hundreds digit of b?
1
Let d = 57 + -79. What is the tens digit of (-38)/(-209) + (-3384)/d?
5
Let y(d) = 376*d**2 - d - 2. Let m be y(-1). Suppose -11*g + 9*g + m = -5*h, 5*g = h + 880. What is the hundreds digit of g?
1
What is the tens digit of (2709/(-6))/(-7)*(-160)/(-24)?
3
Suppose -t + 44 = t. Let f = t + -4. What is the tens digit of f?
1
Let v(u) = -u**3 - u**2 + u - 2. Let x be v(0). Let g(k) = -26*k - 4. Let h be g(x). Suppose p - 31 - 25 = -2*m, p = 2*m - h. What is the tens digit of m?
2
Suppose 2160 = 2*r + 248. What is the units digit of r?
6
Let j(d) = 5104*d - 7. What is the tens digit of j(1)?
9
Let x(y) = y + 9. Let g(f) = f**3 + 4*f**2 + 2*f - 2. Let a be g(-3). What is the tens digit of x(a)?
1
Suppose -2*w + 47 = -3*w. Let y = w - -126. What is the tens digit of y?
7
Suppose 0 = -0*v - 4*v - 140. Let i = 18 - v. What is the units digit of i?
3
Let y(x) = -1140*x - 49. What is the units digit of y(-3)?
1
Let u(z) = z**2 + 2*z + 7. Let s(l) = l + 1. Let g(h) = -3*s(h) + u(h). What is the units digit of g(11)?
4
Let i(s) = 32*s + 171. What is the hundreds digit of i(11)?
5
Let w be 69/12 + (-2)/(-8). Suppose -s - 15 = -2*m - w*s, 4*m - 18 = 2*s. Suppose m = g - 0. What is the units digit of g?
5
Suppose 2*g - 4 = 0, -m + g + 50 = 3*m. Let h = 25 - m. What is the tens digit of (6/h)/((-2)/(-116))?
2
Let k(a) = -8*a**2 + 10*a - 20. Let g(n) = 15*n**2 - 21*n + 40. Let t(l) = 3*g(l) + 5*k(l). What is the units digit of t(7)?
4
Let f(r) = -r**3 + 31*r**2 - 9*r + 2. Let g be f(31). Let p = g + 412. What is the tens digit of p?
3
Let k = -82 + 120. Let u = -33 + k. Suppose -2*a - u*q + 131 = a, 3*a - 99 = 3*q. What is the units digit of a?
7
Let l be (-9)/15 - (-12)/(-30). Let v(x) = -186*x - 9. What is the tens digit of v(l)?
7
Let y = 18 - 15. Suppose u - 166 = -y*f, 2*u + 4*f - 199 - 141 = 0. What is the units digit of u?
8
What is the thousands digit of (-75)/(-10)*6678/35?
1
What is the hundreds digit of (22*-18)/(-2) + -1?
1
What is the hundreds digit of 35*(2136/(-30))/(-4)?
6
Let d be (-3)/(-6)*(-2 + 2). Suppose 9 = 5*y - b, 2*y = -d*b + 2*b + 2. What is the units digit of y/(-8) - (-81)/4?
0
Let g be (12/(-3))/2*4. Let n be (-1*8)/2 - (2 + 4). What is the units digit of (-4)/n*(-20)/g?
1
Let i = -980 - -1446. What is the tens digit of i?
6
Let h(p) = -2*p + 5. Let x be h(0). Suppose 0*q + 715 = x*w + q, -411 = -3*w + 3*q. What is the hundreds digit of w?
1
Let k(u) = -3*u**3 - 11*u**2 - 6*u - 7. Let o(l) = 2*l**3 + 10*l**2 + 6*l + 6. Let j(m) = -4*k(m) - 5*o(m). What is the tens digit of j(5)?
6
Suppose -5*g - 3*a + 20 = 0, 4*g - a = -4*a + 13. Let d(l) = -l**3 + 7*l**2 + l - 5. Let u be d(g). Suppose -u*y - 84 = -5*y. What is the tens digit of y?
2
Let v(f) = -f**3 + f**2 + 7. Let s be v(0). Suppose 4*b + 44 = 8*b. Suppose a - s = b. What is the tens digit of a?
1
Suppose 16 = 2*c + 6. Suppose 5*u - w + c*w = 699, 5*w - 5 = 0. What is the units digit of u?
9
Let i be 4 + (3 - (-154)/2). Suppose 12 = 3*t, 0 = -4*s - 2*t - 0*t + i. Suppose j + 14 = 4*z, -3*z - 2*j = -7*j - s. What is the units digit of z?
3
Let c(l) = -1. Let a(o) = -2*o + 4. Let t(x) = a(x) + 4*c(x). Let u(k) = 6*k. Let s(p) = -11*t(p) - 4*u(p). What is the tens digit of s(-5)?
1
Suppose 16*m + 1956 = 20*m. What is the units digit of m?
9
Let p be (-2)/(-6)*(4 - 1). Suppose -1 = b + p. What is the units digit of b - -4 - (-2 + -5)?
9
Let f = -42 + 43. Suppose 5*n + 5 = 0, -93 = -5*c + 3*c - n. Suppose -2*a + f = -c. What is the units digit of a?
4
Let k(j) be the third derivative of j**5/60 + 5*j**4/24 + 5*j**3/6 + 35*j**2. Suppose 4*t = 5*a + 5, -4 - 1 = -a + 2*t. What is the units digit of k(a)?
5
Let b(d) = -45*d + 692. What is the units digit of b(-8)?
2
Suppose -2*b = d - 98, 3*d - 5*b + 14 = 308. What is the units digit of d?
8
Suppose 3*h + 4*a = 1970 + 3451, 3*a - 9024 = -5*h. What is the tens digit of h?
0
Let c(d) be the second derivative of 1/12*d**4 + 0 - 4*d + 5/6*d**3 - 9/2*d**2. What is the tens digit of c(-9)?
2
Suppose -10*r - 213 - 177 = 0. Let j be (3/(-2))/((-3)/(-20)). Let y = j - r. What is the units digit of y?
9
Let z = 24 + -41. Let y = z + 19. Suppose -3 - 1 = -2*p, y*p - 80 = -4*c. What is the units digit of c?
9
Let r(p) = 8*p**2 - 47*p - 17. What is the hundreds digit of r(9)?
2
Let q(w) = 5*w - 6. Let y be q(4). Suppose 0 = -5*l + 25 + 105. Let g = l - y. What is the tens digit of g?
1
Suppose -11297 = -4*o - 3*u, 2*o + 20*u = 15*u + 5659. What is the hundreds digit of o?
8
Let b(a) = 12 + 10 + a + 0*a - 11. Let z be b(-7). Suppose 5*w - 45 = -z*m, 6 = -4*w + 2*w. What is the tens digit of m?
1
Suppose 4*l = 3*t - 22, -2*l = 2*t - 0*t + 18. Suppose -2*r + 5*w + 6 + 5 = 0, 2*r - w = -9. What is the tens digit of (-2)/l + (-124)/r?
1
What is the thousands digit of ((-897)/(-2))/(3/(-160)*-8)?
2
Let n = -1338 + 2210. What is the tens digit of n?
7
Let a(w) = -w**3 + 4*w**2 - 2*w - 1. Let u be a(3). Let z(y) = 5*y**3 - 5*y**2 + 4*y + 1. What is the units digit of z(u)?
9
Let w(j) be the second derivative of j**4/12 - 5*j**3/3 + 13*j. What is the tens digit of w(13)?
3
Let a = -272 - -77. Let j = -132 - a. Let m = -36 + j. What is the tens digit of m?
2
Suppose -17*z + 53 = 36. Let b = -5 + 9. What is the tens digit of 15/(8/b - z)?
1
Suppose 4 = -3*p - 2. What is the units digit of (p/(-5))/((-3)/(-660))?
8
Suppose -9 = 8*p - 4*p + 3*d, 2*p = d + 3. What is the units digit of 9/(1 + p) - -3?
2
Let s be 4/8*(2 + 